{"id":885,"date":"2025-07-24T14:24:33","date_gmt":"2025-07-24T12:24:33","guid":{"rendered":"https:\/\/wostal.gemini-it.pl\/?page_id=885"},"modified":"2025-08-04T20:19:25","modified_gmt":"2025-08-04T18:19:25","slug":"historia","status":"publish","type":"page","link":"https:\/\/wostal.gemini-it.pl\/index.php\/historia\/","title":{"rendered":"Historia"},"content":{"rendered":"\t\t<div data-elementor-type=\"wp-page\" data-elementor-id=\"885\" class=\"elementor elementor-885\" data-elementor-post-type=\"page\">\n\t\t\t\t<div class=\"elementor-element elementor-element-fcf0bf4 e-flex e-con-boxed e-con e-parent\" data-id=\"fcf0bf4\" data-element_type=\"container\" data-settings=\"{&quot;background_background&quot;:&quot;classic&quot;}\">\n\t\t\t\t\t<div class=\"e-con-inner\">\n\t\t<div class=\"elementor-element elementor-element-40ac52b e-con-full e-flex e-con e-child\" data-id=\"40ac52b\" data-element_type=\"container\">\n\t\t\t\t<div class=\"elementor-element elementor-element-e202f34 elementor-widget elementor-widget-heading\" data-id=\"e202f34\" data-element_type=\"widget\" data-widget_type=\"heading.default\">\n\t\t\t\t<div class=\"elementor-widget-container\">\n\t\t\t\t\t<h2 class=\"elementor-heading-title elementor-size-default\">Historia<\/h2>\t\t\t\t<\/div>\n\t\t\t\t<\/div>\n\t\t\t\t<div class=\"elementor-element elementor-element-9128259 elementor-widget elementor-widget-text-editor\" data-id=\"9128259\" data-element_type=\"widget\" data-widget_type=\"text-editor.default\">\n\t\t\t\t<div class=\"elementor-widget-container\">\n\t\t\t\t\t\t\t\t\t<p>Firma Wostal Wojciech Soczawa jest podmiotem gospodarczym, dzia\u0142aj\u0105cym na rynku surowc\u00f3w wt\u00f3rnych nieprzerwanie od 2003 roku. Od pocz\u0105tku swojej dzia\u0142alno\u015bci firma zajmuje si\u0119 szeroko poj\u0119tym skupem, odzyskiem oraz recyklingiem metali \u017celaznych, nie\u017celaznych, makulatury, akumulator\u00f3w.<\/p><p>Wieloletnie funkcjonowanie firmy Wostal w bran\u017cy pozwoli\u0142o na zdobycie odpowiedniego do\u015bwiadczenia i zaufania w\u015br\u00f3d grona klient\u00f3w oraz poszerzenia i zdobycia nowych rynk\u00f3w zbytu.<br \/>W chwili obecnej Firma dysponuje wykwalifikowan\u0105 za\u0142og\u0105 do\u015bwiadczonych i kompetentnych pracownik\u00f3w, zar\u00f3wno fizycznych jak i administracyjno biurowych. Wostal posiada bogat\u0105 baz\u0119 logistyczn\u0105, na kt\u00f3r\u0105 sk\u0142ada si\u0119 specjalistyczny sprz\u0119t transportowo-za\u0142adunkowy.<\/p><p>Dzi\u0119ki wieloletniemu do\u015bwiadczeniu i wsp\u00f3\u0142pracy z najwi\u0119kszymi w Polsce firmami przerobu surowc\u00f3w wt\u00f3rnych, Wostal oferuje Pa\u0144stwu kompleksow\u0105 obs\u0142ug\u0119, atrakcyjne ceny oraz natychmiastow\u0105 p\u0142atno\u015b\u0107.<\/p><p>Firma posiada r\u00f3wnie\u017c wszelkie pozwolenia, wymagane przy prowadzeniu tego typu dzia\u0142alno\u015bci.<\/p><p>Obszar funkcjonowania firmy obejmuje g\u0142\u00f3wnie rejony Polski centralnej i po\u0142udniowej.<\/p>\t\t\t\t\t\t\t\t<\/div>\n\t\t\t\t<\/div>\n\t\t\t\t<\/div>\n\t\t<div class=\"elementor-element elementor-element-2481e5e e-con-full e-flex e-con e-child\" data-id=\"2481e5e\" data-element_type=\"container\">\n\t\t\t\t<div class=\"elementor-element elementor-element-d1ec15a elementor-widget elementor-widget-image\" data-id=\"d1ec15a\" data-element_type=\"widget\" data-widget_type=\"image.default\">\n\t\t\t\t<div class=\"elementor-widget-container\">\n\t\t\t\t\t\t\t\t\t\t\t\t\t\t\t<img fetchpriority=\"high\" decoding=\"async\" width=\"800\" height=\"533\" src=\"https:\/\/wostal.gemini-it.pl\/wp-content\/uploads\/2025\/07\/wostal.jpg\" class=\"attachment-large size-large wp-image-794\" alt=\"\" srcset=\"https:\/\/wostal.gemini-it.pl\/wp-content\/uploads\/2025\/07\/wostal.jpg 800w, https:\/\/wostal.gemini-it.pl\/wp-content\/uploads\/2025\/07\/wostal-300x200.jpg 300w, https:\/\/wostal.gemini-it.pl\/wp-content\/uploads\/2025\/07\/wostal-768x512.jpg 768w\" sizes=\"(max-width: 800px) 100vw, 800px\" \/>\t\t\t\t\t\t\t\t\t\t\t\t\t\t\t<\/div>\n\t\t\t\t<\/div>\n\t\t\t\t<\/div>\n\t\t\t\t\t<\/div>\n\t\t\t\t<\/div>\n\t\t\t\t<\/div>\n\t\t","protected":false},"excerpt":{"rendered":"<p>Historia Firma Wostal Wojciech Soczawa jest podmiotem gospodarczym, dzia\u0142aj\u0105cym na rynku surowc\u00f3w wt\u00f3rnych nieprzerwanie od 2003 roku. Od pocz\u0105tku swojej dzia\u0142alno\u015bci firma zajmuje si\u0119 szeroko poj\u0119tym skupem, odzyskiem oraz recyklingiem metali \u017celaznych, nie\u017celaznych, makulatury, akumulator\u00f3w. Wieloletnie funkcjonowanie firmy Wostal w bran\u017cy pozwoli\u0142o na zdobycie odpowiedniego do\u015bwiadczenia i zaufania w\u015br\u00f3d grona klient\u00f3w oraz poszerzenia i zdobycia&#8230;<\/p>\n","protected":false},"author":1,"featured_media":0,"parent":0,"menu_order":0,"comment_status":"closed","ping_status":"closed","template":"","meta":{"_kadence_starter_templates_imported_post":false,"_kad_post_transparent":"","_kad_post_title":"hide","_kad_post_layout":"fullwidth","_kad_post_sidebar_id":"","_kad_post_content_style":"unboxed","_kad_post_vertical_padding":"hide","_kad_post_feature":"hide","_kad_post_feature_position":"","_kad_post_header":false,"_kad_post_footer":false,"footnotes":""},"class_list":["post-885","page","type-page","status-publish","hentry"],"_links":{"self":[{"href":"https:\/\/wostal.gemini-it.pl\/index.php\/wp-json\/wp\/v2\/pages\/885","targetHints":{"allow":["GET"]}}],"collection":[{"href":"https:\/\/wostal.gemini-it.pl\/index.php\/wp-json\/wp\/v2\/pages"}],"about":[{"href":"https:\/\/wostal.gemini-it.pl\/index.php\/wp-json\/wp\/v2\/types\/page"}],"author":[{"embeddable":true,"href":"https:\/\/wostal.gemini-it.pl\/index.php\/wp-json\/wp\/v2\/users\/1"}],"replies":[{"embeddable":true,"href":"https:\/\/wostal.gemini-it.pl\/index.php\/wp-json\/wp\/v2\/comments?post=885"}],"version-history":[{"count":31,"href":"https:\/\/wostal.gemini-it.pl\/index.php\/wp-json\/wp\/v2\/pages\/885\/revisions"}],"predecessor-version":[{"id":962,"href":"https:\/\/wostal.gemini-it.pl\/index.php\/wp-json\/wp\/v2\/pages\/885\/revisions\/962"}],"wp:attachment":[{"href":"https:\/\/wostal.gemini-it.pl\/index.php\/wp-json\/wp\/v2\/media?parent=885"}],"curies":[{"name":"wp","href":"https:\/\/api.w.org\/{rel}","templated":true}]}}