{"id":924,"date":"2025-07-24T15:19:31","date_gmt":"2025-07-24T13:19:31","guid":{"rendered":"https:\/\/wostal.gemini-it.pl\/?page_id=924"},"modified":"2025-08-04T20:21:46","modified_gmt":"2025-08-04T18:21:46","slug":"skup-puszek-aluminiowych","status":"publish","type":"page","link":"https:\/\/wostal.gemini-it.pl\/index.php\/skup-puszek-aluminiowych\/","title":{"rendered":"Skup puszek aluminiowych"},"content":{"rendered":"\t\t<div data-elementor-type=\"wp-page\" data-elementor-id=\"924\" class=\"elementor elementor-924\" data-elementor-post-type=\"page\">\n\t\t\t\t<div class=\"elementor-element elementor-element-b77d9c4 e-flex e-con-boxed e-con e-parent\" data-id=\"b77d9c4\" data-element_type=\"container\" data-settings=\"{&quot;background_background&quot;:&quot;classic&quot;}\">\n\t\t\t\t\t<div class=\"e-con-inner\">\n\t\t\t\t<div class=\"elementor-element elementor-element-941de99 elementor-widget elementor-widget-heading\" data-id=\"941de99\" data-element_type=\"widget\" data-widget_type=\"heading.default\">\n\t\t\t\t<div class=\"elementor-widget-container\">\n\t\t\t\t\t<h2 class=\"elementor-heading-title elementor-size-default\">Skup puszek aluminiowych<\/h2>\t\t\t\t<\/div>\n\t\t\t\t<\/div>\n\t\t\t\t<div class=\"elementor-element elementor-element-88c068f elementor-widget elementor-widget-text-editor\" data-id=\"88c068f\" data-element_type=\"widget\" data-widget_type=\"text-editor.default\">\n\t\t\t\t<div class=\"elementor-widget-container\">\n\t\t\t\t\t\t\t\t\t<p>Puszki po napojach to cenny surowiec wt\u00f3rny, kt\u00f3ry przyjmujemy w ka\u017cdej ilo\u015bci \u2013 luzem lub sprasowany. Nasz skup jest przyjazny zar\u00f3wno dla klient\u00f3w indywidualnych, jak i firm.<\/p><p>&#8211; Puszki musz\u0105 by\u0107 czyste, suche, wolne od zanieczyszcze\u0144 (plastik, \u017celazo, papier)<br \/>&#8211; Oferujemy hurtowy odbi\u00f3r puszek w\u0142asnym transportem<br \/>&#8211; Zapewniamy korzystne warunki finansowe i szybk\u0105 obs\u0142ug\u0119<\/p><p>Dzi\u0119ki recyklingowi aluminium oszcz\u0119dzamy nawet 95% energii potrzebnej do produkcji nowego materia\u0142u!<\/p>\t\t\t\t\t\t\t\t<\/div>\n\t\t\t\t<\/div>\n\t\t\t\t\t<\/div>\n\t\t\t\t<\/div>\n\t\t\t\t<\/div>\n\t\t","protected":false},"excerpt":{"rendered":"<p>Skup puszek aluminiowych Puszki po napojach to cenny surowiec wt\u00f3rny, kt\u00f3ry przyjmujemy w ka\u017cdej ilo\u015bci \u2013 luzem lub sprasowany. Nasz skup jest przyjazny zar\u00f3wno dla klient\u00f3w indywidualnych, jak i firm. &#8211; Puszki musz\u0105 by\u0107 czyste, suche, wolne od zanieczyszcze\u0144 (plastik, \u017celazo, papier)&#8211; Oferujemy hurtowy odbi\u00f3r puszek w\u0142asnym transportem&#8211; Zapewniamy korzystne warunki finansowe i szybk\u0105 obs\u0142ug\u0119&#8230;<\/p>\n","protected":false},"author":1,"featured_media":0,"parent":0,"menu_order":0,"comment_status":"closed","ping_status":"closed","template":"","meta":{"_kadence_starter_templates_imported_post":false,"_kad_post_transparent":"","_kad_post_title":"hide","_kad_post_layout":"fullwidth","_kad_post_sidebar_id":"","_kad_post_content_style":"unboxed","_kad_post_vertical_padding":"hide","_kad_post_feature":"hide","_kad_post_feature_position":"","_kad_post_header":false,"_kad_post_footer":false,"footnotes":""},"class_list":["post-924","page","type-page","status-publish","hentry"],"_links":{"self":[{"href":"https:\/\/wostal.gemini-it.pl\/index.php\/wp-json\/wp\/v2\/pages\/924","targetHints":{"allow":["GET"]}}],"collection":[{"href":"https:\/\/wostal.gemini-it.pl\/index.php\/wp-json\/wp\/v2\/pages"}],"about":[{"href":"https:\/\/wostal.gemini-it.pl\/index.php\/wp-json\/wp\/v2\/types\/page"}],"author":[{"embeddable":true,"href":"https:\/\/wostal.gemini-it.pl\/index.php\/wp-json\/wp\/v2\/users\/1"}],"replies":[{"embeddable":true,"href":"https:\/\/wostal.gemini-it.pl\/index.php\/wp-json\/wp\/v2\/comments?post=924"}],"version-history":[{"count":8,"href":"https:\/\/wostal.gemini-it.pl\/index.php\/wp-json\/wp\/v2\/pages\/924\/revisions"}],"predecessor-version":[{"id":971,"href":"https:\/\/wostal.gemini-it.pl\/index.php\/wp-json\/wp\/v2\/pages\/924\/revisions\/971"}],"wp:attachment":[{"href":"https:\/\/wostal.gemini-it.pl\/index.php\/wp-json\/wp\/v2\/media?parent=924"}],"curies":[{"name":"wp","href":"https:\/\/api.w.org\/{rel}","templated":true}]}}